89 and 29?
29
What is the greatest common divisor of 122 and 8845?
61
Calculate the highest common factor of 20 and 460.
20
Calculate the highest common divisor of 6556 and 22.
22
What is the greatest common factor of 24 and 33468?
12
What is the highest common factor of 76 and 456?
76
Calculate the highest common factor of 6 and 87.
3
What is the greatest common divisor of 160 and 848?
16
Calculate the highest common factor of 365 and 3431.
73
Calculate the highest common factor of 55 and 440.
55
Calculate the greatest common divisor of 210 and 195.
15
What is the greatest common divisor of 910 and 70?
70
Calculate the highest common factor of 70 and 8.
2
What is the highest common divisor of 442 and 104?
26
What is the highest common divisor of 240 and 72?
24
What is the greatest common divisor of 30 and 3210?
30
What is the highest common factor of 180 and 5?
5
What is the highest common factor of 32010 and 660?
330
What is the highest common factor of 408 and 24?
24
Calculate the greatest common divisor of 3069 and 99.
99
Calculate the highest common factor of 737 and 268.
67
What is the highest common factor of 189 and 3549?
21
What is the highest common divisor of 46 and 16606?
46
Calculate the highest common divisor of 17621 and 1052.
263
What is the highest common factor of 8868 and 120?
12
Calculate the highest common factor of 3528 and 756.
252
Calculate the greatest common factor of 9835 and 105.
35
What is the highest common divisor of 32 and 512?
32
What is the greatest common divisor of 3052 and 28?
28
Calculate the highest common factor of 56549 and 193.
193
What is the greatest common divisor of 3196 and 68?
68
Calculate the highest common divisor of 37 and 14763.
37
What is the highest common factor of 91 and 91?
91
Calculate the greatest common divisor of 869 and 22.
11
What is the greatest common factor of 36 and 1089?
9
Calculate the highest common divisor of 24 and 48.
24
Calculate the greatest common factor of 174 and 464.
58
Calculate the greatest common factor of 160 and 1000.
40
What is the greatest common divisor of 1505 and 35?
35
What is the highest common factor of 146 and 73?
73
What is the greatest common divisor of 260 and 15990?
130
What is the greatest common factor of 938 and 536?
134
What is the highest common factor of 51 and 17?
17
Calculate the highest common factor of 65 and 1157.
13
Calculate the highest common divisor of 39 and 2041.
13
Calculate the highest common divisor of 5466 and 6.
6
Calculate the greatest common divisor of 48 and 15528.
24
What is the highest common divisor of 28 and 6426?
14
What is the highest common divisor of 156 and 24?
12
What is the highest common divisor of 2248 and 8?
8
Calculate the highest common factor of 720 and 180.
180
What is the greatest common factor of 8 and 1480?
8
Calculate the highest common factor of 1403 and 23.
23
What is the highest common factor of 4131 and 306?
153
What is the highest common factor of 418 and 646?
38
What is the highest common divisor of 627 and 456?
57
Calculate the highest common divisor of 16 and 40.
8
What is the greatest common factor of 3 and 2307?
3
Calculate the highest common divisor of 15714 and 162.
162
Calculate the highest common factor of 11 and 5.
1
Calculate the greatest common factor of 24 and 354.
6
What is the greatest common divisor of 1702 and 222?
74
What is the highest common divisor of 31 and 248?
31
What is the greatest common factor of 65 and 20?
5
What is the highest common factor of 44 and 836?
44
What is the highest common factor of 189 and 42?
21
What is the greatest common divisor of 4901 and 29?
29
Calculate the highest common divisor of 23 and 3.
1
Calculate the highest common factor of 64 and 9376.
32
What is the highest common factor of 581 and 747?
83
Calculate the greatest common factor of 13 and 78377.
13
What is the greatest common divisor of 15 and 107385?
15
What is the highest common factor of 759 and 55?
11
Calculate the greatest common factor of 81 and 4401.
27
Calculate the highest common divisor of 52 and 78.
26
Calculate the highest common divisor of 464 and 88.
8
What is the greatest common divisor of 849 and 24?
3
What is the highest common factor of 302 and 3?
1
What is the greatest common divisor of 2338 and 42?
14
Calculate the greatest common divisor of 310 and 1395.
155
Calculate the greatest common divisor of 8 and 264.
8
Calculate the greatest common factor of 5 and 4960.
5
What is the highest common divisor of 1000 and 20?
20
What is the greatest common factor of 5360 and 5092?
268
Calculate the greatest common factor of 264 and 41844.
132
Calculate the highest common divisor of 4 and 974.
2
Calculate the highest common factor of 40 and 3020.
20
Calculate the greatest common divisor of 1 and 683.
1
What is the highest common factor of 1580 and 1960?
20
What is the highest common divisor of 4 and 956?
4
What is the greatest common divisor of 5512 and 13?
13
Calculate the greatest common factor of 39 and 403.
13
What is the greatest common divisor of 22 and 275?
11
What is the highest common factor of 9 and 90?
9
What is the highest common divisor of 1263 and 9?
3
What is the highest common factor of 378 and 14?
14
What is the highest common factor of 12 and 3624?
12
Calculate the greatest common divisor of 39 and 12.
3
What is the highest common factor of 90 and 20?
10
What is the highest common divisor of 112 and 14336?
112
Calculate the highest common factor of 10 and 14.
2
What is the highest common factor of 6785 and 805?
115
What is the greatest common factor of 195 and 117?
39
Calculate the greatest common factor of 325 and 25.
25
What is the greatest common divisor of 1 and 771?
1
Calculate the greatest common divisor of 17 and 4352.
17
What is the highest common factor of 217 and 7?
7
What is the highest common factor of 66 and 768?
6
What is the greatest common divisor of 8463 and 186?
93
Calculate the greatest common divisor of 22720 and 50.
10
What is the greatest common divisor of 26752 and 19?
19
Calculate the highest common factor of 121 and 2299.
121
Calculate the greatest common factor of 553 and 7.
7
What is the greatest common factor of 490 and 20?
10
What is the greatest common divisor of 468 and 3627?
117
Calculate the highest common factor of 112 and 84.
28
What is the highest common factor of 82 and 1476?
82
Calculate the highest common factor of 289 and 391.
17
Calculate the greatest common divisor of 1855 and 53.
53
What is the greatest common factor of 22 and 209?
11
Calculate the greatest common factor of 35976 and 24.
24
Calculate the highest common divisor of 221 and 34.
17
What is the highest common factor of 2496 and 390?
78
Calculate the greatest common divisor of 194 and 291.
97
What is the highest common factor of 119 and 3213?
119
Calculate the greatest common factor of 14500 and 25.
25
Calculate the greatest common divisor of 126 and 18.
18
Calculate the greatest common divisor of 51 and 6528.
51
Calculate the greatest common divisor of 128 and 392.
8
What is the highest common factor of 38172 and 12?
12
What is the highest common factor of 1085 and 105?
35
Calculate the highest common divisor of 94 and 94.
94
Calculate the highest common divisor of 379 and 1.
1
Calculate the highest common divisor of 264 and 44.
44
Calculate the highest common factor of 4655 and 3675.
245
Calculate the greatest common divisor of 95994 and 18.
18
What is the greatest common divisor of 12 and 252?
12
What is the highest common factor of 200 and 56?
8
Calculate the highest common factor of 275 and 165.
55
Calculate the highest common factor of 142 and 355.
71
Calculate the highest common divisor of 84 and 2688.
84
Calculate the highest common divisor of 204 and 156.
12
Calculate the highest common factor of 448 and 252.
28
What is the greatest common factor of 20 and 86080?
20
Calculate the highest common divisor of 5 and 36415.
5
What is the greatest common factor of 6 and 18?
6
Calculate the greatest common factor of 28 and 40.
4
What is the greatest common factor of 126 and 6202?
14
What is the greatest common factor of 714 and 3774?
102
Calculate the greatest common factor of 2781 and 27.
27
Calculate the highest common factor of 9 and 6597.
9
What is the